the millions digit of 10129087?
0
What is the units digit of 3759869872?
2
What is the hundred thousands digit of 4764711?
7
What is the ten thousands digit of 700983543?
8
What is the tens digit of 1067385978?
7
What is the hundreds digit of 4342931671?
6
What is the hundred thousands digit of 5000724946?
7
What is the millions digit of 41322788?
1
What is the billions digit of 1057473723?
1
What is the millions digit of 50831316?
0
What is the hundreds digit of 8422314?
3
What is the millions digit of 74068794?
4
What is the ten millions digit of 219992086?
1
What is the hundred thousands digit of 395984455?
9
What is the tens digit of 60248426?
2
What is the tens digit of 408752870?
7
What is the hundreds digit of 45588089?
0
What is the hundred millions digit of 555147711?
5
What is the ten thousands digit of 108105091?
0
What is the ten thousands digit of 13685890?
8
What is the tens digit of 328809581?
8
What is the millions digit of 21031756?
1
What is the tens digit of 2667800812?
1
What is the tens digit of 84331171?
7
What is the tens digit of 1546421818?
1
What is the tens digit of 47504387?
8
What is the tens digit of 45510726?
2
What is the hundred thousands digit of 1219021797?
0
What is the thousands digit of 366587001?
7
What is the units digit of 29992824?
4
What is the ten millions digit of 201237087?
0
What is the millions digit of 17476620?
7
What is the thousands digit of 2457977503?
7
What is the ten thousands digit of 18735958?
3
What is the billions digit of 4357288268?
4
What is the billions digit of 2197708835?
2
What is the hundred millions digit of 120619944?
1
What is the hundred thousands digit of 495105902?
1
What is the tens digit of 1995761974?
7
What is the thousands digit of 47617667?
7
What is the hundred millions digit of 2940794013?
9
What is the millions digit of 44947299?
4
What is the hundred millions digit of 2035538602?
0
What is the units digit of 1483274361?
1
What is the thousands digit of 84192746?
2
What is the millions digit of 50934732?
0
What is the units digit of 239699286?
6
What is the billions digit of 2060132821?
2
What is the ten thousands digit of 728498267?
9
What is the millions digit of 50336489?
0
What is the billions digit of 1063243307?
1
What is the ten thousands digit of 2590506914?
0
What is the hundred thousands digit of 357413345?
4
What is the millions digit of 21456647?
1
What is the units digit of 284720946?
6
What is the ten millions digit of 1276038793?
7
What is the hundred millions digit of 1915048175?
9
What is the ten thousands digit of 3342025128?
2
What is the millions digit of 7675622?
7
What is the ten millions digit of 190104452?
9
What is the hundreds digit of 3496664?
6
What is the ten thousands digit of 8638506195?
0
What is the units digit of 260673?
3
What is the millions digit of 2421758062?
1
What is the hundreds digit of 44827470?
4
What is the hundred millions digit of 2312510019?
3
What is the units digit of 1540783299?
9
What is the thousands digit of 243516275?
6
What is the ten thousands digit of 7346853?
4
What is the thousands digit of 1252164804?
4
What is the tens digit of 380355260?
6
What is the thousands digit of 1668133310?
3
What is the ten thousands digit of 15154615?
5
What is the hundred thousands digit of 3444457?
4
What is the millions digit of 34845893?
4
What is the ten millions digit of 366841172?
6
What is the hundred millions digit of 605096051?
6
What is the tens digit of 366478970?
7
What is the thousands digit of 2153347707?
7
What is the tens digit of 107336680?
8
What is the thousands digit of 153124989?
4
What is the millions digit of 76312310?
6
What is the tens digit of 25455926?
2
What is the hundred millions digit of 298788056?
2
What is the ten millions digit of 5638563285?
3
What is the thousands digit of 44533714?
3
What is the billions digit of 2370081148?
2
What is the tens digit of 2842041119?
1
What is the hundred millions digit of 917231628?
9
What is the hundred thousands digit of 45069101?
0
What is the units digit of 199586867?
7
What is the hundreds digit of 2103529425?
4
What is the thousands digit of 556735072?
5
What is the hundred thousands digit of 2801521950?
5
What is the units digit of 430277751?
1
What is the tens digit of 4650938253?
5
What is the hundreds digit of 2089599134?
1
What is the thousands digit of 3777237219?
7
What is the ten millions digit of 22681135?
2
What is the millions digit of 448594713?
8
What is the hundred thousands digit of 1319968180?
9
What is the tens digit of 223095140?
4
What is the millions digit of 889380695?
9
What is the hundred thousands digit of 1130171196?
1
What is the hundred thousands digit of 2837124389?
1
What is the ten thousands digit of 230184408?
8
What is the ten thousands digit of 53462475?
6
What is the tens digit of 3048990790?
9
What is the tens digit of 17066144?
4
What is the millions digit of 21968857?
1
What is the units digit of 200135595?
5
What is the ten thousands digit of 9110235?
1
What is the hundred millions digit of 108075923?
1
What is the hundred thousands digit of 218247379?
2
What is the hundred thousands digit of 46644755?
6
What is the millions digit of 26812457?
6
What is the ten thousands digit of 137395707?
9
What is the thousands digit of 30520796?
0
What is the thousands digit of 833791731?
1
What is the tens digit of 286885634?
3
What is the ten thousands digit of 4353242979?
4
What is the hundreds digit of 29697634?
6
What is the ten thousands digit of 151772769?
7
What is the millions digit of 21315338?
1
What is the units digit of 10737790?
0
What is the ten thousands digit of 5152865?
5
What is the tens digit of 711385074?
7
What is the ten thousands digit of 27721242?
2
What is the hundred thousands digit of 66856362?
8
What is the hundred thousands digit of 26981974?
9
What is the hundred millions digit of 1371025702?
3
What is the units digit of 14083220?
0
What is the tens digit of 37002870?
7
What is the millions digit of 43387281?
3
What is the ten thousands digit of 5927328171?
2
What is the ten millions digit of 3719978032?
1
What is the millions digit of 1145020772?
5
What is the hundred thousands digit of 687207952?
2
What is the ten thousands digit of 1551984170?
8
What is the tens digit of 1293607683?
8
What is the ten thousands digit of 333713960?
1
What is the hundreds digit of 112643108?
1
What is the ten thousands digit of 439019947?
1
What is the ten thousands digit of 2305513370?
1
What is the billions digit of 1134926298?
1
What is the billions digit of 2150110243?
2
What is the units digit of 45741703?
3
What is the millions digit of 3723811?
3
What is the hundreds digit of 540727672?
6
What is the hundred thousands digit of 610576910?
5
What is the tens digit of 215546945?
4
What is the hundreds digit of 757001675?
6
What is the hundreds digit of 2391080097?
0
What is the thousands digit of 314415602?
5
What is the units digit of 32919524?
4
What is the hundred thousands digit of 2626057527?
0
What is the units digit of 65598716?
6
What is the hundreds digit of 5669944785?
7
What is the ten thousands digit of 2296563746?
6
What is the hundred thousands digit of 19955031?
9
What is the ten thousands digit of 350512206?
1
What is the hundreds digit of 252826145?
1
What is the ten thousands digit of 3614268007?
6
What is the thousands digit of 29349490?
9
What is the hundreds digit of 1197018581?
5
What is the thousands digit of 1571861?
1
What is the ten millions digit of 5494525966?
9
What is the units digit of 220640811?
1
What is the millions digit of 728884146?
8
What is the ten thousands digit of 384401320?
0
What is the billions digit of 4571594652?
4
What is the millions digit of 226321310?
6
What is the ten millions digit of 19933686?
1
What is the ten millions digit of 2067134311?
6
What is the hundred millions digit of 1580775953?
5
What is the hundreds digit of 1028577655?
6
What is the hundred millions digit of 6252989955?
2
What is the millions digit of 247009063?
7
What is the hundreds digit of 88011741?
7
What is the units digit of 387575568?
8
What is the hundreds digit of 573113967?
9
What is the ten millions digit of 551727510?
5
What is the hundreds digit of 52102361?
3
What is 